{"id":47,"date":"2016-02-16T12:29:36","date_gmt":"2016-02-16T11:29:36","guid":{"rendered":"http:\/\/vfa.ch\/?page_id=47&#038;lang=it"},"modified":"2025-10-16T17:56:38","modified_gmt":"2025-10-16T15:56:38","slug":"pagina-web","status":"publish","type":"page","link":"https:\/\/vfa-fpa.ch\/it\/","title":{"rendered":"Fondazione di Previdenza Film e Audiovisione fpa"},"content":{"rendered":"<p>[et_pb_section fb_built=&#8221;1&#8243; admin_label=&#8221;section&#8221; _builder_version=&#8221;4.16&#8243; global_colors_info=&#8221;{}&#8221;][et_pb_row admin_label=&#8221;row&#8221; _builder_version=&#8221;4.16&#8243; background_size=&#8221;initial&#8221; background_position=&#8221;top_left&#8221; background_repeat=&#8221;repeat&#8221; global_colors_info=&#8221;{}&#8221;][et_pb_column type=&#8221;4_4&#8243; _builder_version=&#8221;4.16&#8243; custom_padding=&#8221;|||&#8221; global_colors_info=&#8221;{}&#8221; custom_padding__hover=&#8221;|||&#8221;][et_pb_post_title meta=&#8221;off&#8221; featured_placement=&#8221;above&#8221; admin_label=&#8221;Posttitel (wird autom. bezogen)&#8221; _builder_version=&#8221;4.16&#8243; title_all_caps=&#8221;off&#8221; background_color=&#8221;rgba(255,255,255,0)&#8221; parallax=&#8221;on&#8221; parallax_effect=&#8221;on&#8221; module_bg_color=&#8221;rgba(255,255,255,0)&#8221; use_border_color=&#8221;off&#8221; border_color=&#8221;#ffffff&#8221; border_style=&#8221;solid&#8221; global_colors_info=&#8221;{}&#8221;]<br \/>\n[\/et_pb_post_title][\/et_pb_column][\/et_pb_row][et_pb_row column_structure=&#8221;2_3,1_3&#8243; admin_label=&#8221;Zeile&#8221; _builder_version=&#8221;4.16&#8243; background_size=&#8221;initial&#8221; background_position=&#8221;top_left&#8221; background_repeat=&#8221;repeat&#8221; global_colors_info=&#8221;{}&#8221;][et_pb_column type=&#8221;2_3&#8243; _builder_version=&#8221;4.16&#8243; custom_padding=&#8221;|||&#8221; global_colors_info=&#8221;{}&#8221; custom_padding__hover=&#8221;|||&#8221;][et_pb_text admin_label=&#8221;Willkommenstext ital.&#8221; _builder_version=&#8221;4.16&#8243; background_size=&#8221;initial&#8221; background_position=&#8221;top_left&#8221; background_repeat=&#8221;repeat&#8221; z_index_tablet=&#8221;500&#8243; use_border_color=&#8221;off&#8221; global_colors_info=&#8221;{}&#8221;]<\/p>\n<p>Le nostre soluzioni previdenziali tengono conto dei bisogni specifici dei lavoratori freelance, dei lavoratori indipendenti e degli impiegati presso societ\u00e0 attive nel settore audiovisivo.<\/p>\n<p>[\/et_pb_text][et_pb_text admin_label=&#8221;Infos  Ok 2021 i&#8221; _builder_version=&#8221;4.27.4&#8243; _module_preset=&#8221;default&#8221; hover_enabled=&#8221;0&#8243; global_colors_info=&#8221;{}&#8221; sticky_enabled=&#8221;0&#8243;]<\/p>\n<h3>Successione e nuova sede a Bonstetten<\/h3>\n<p>Il Consiglio di fondazione della Fondazione di previdenza Film e Audiovisivi vfa\/fpa ha deciso chi succeder\u00e0 a Brigitte Zimmermann, che sta per andare in pensione. Cogliamo l&#8217;occasione per ringraziarla di cuore per il suo instancabile e preziosissimo impegno a favore dei nostri assicurati!<\/p>\n<p>La segreteria e la direzione saranno ora riunite nei nuovi locali in Stallikerstrasse 1a, a Bonstetten. Siamo inoltre molto grati alla SSFV per il supporto competente fornito nel corso degli anni nella gestione della nostra segreteria. Monika Wild, direttrice diplomata di casse pensioni, \u00e8 ora responsabile di tutte le questioni organizzative in qualit\u00e0 di specialista esperta con conoscenze tecniche molto ampie e approfondite ed \u00e8 a vostra disposizione per fornirvi consulenza se desiderate aderire alla Fondazione di previdenza.<\/p>\n<h3>Cambiamento dell\u2019ufficio operativo a partire dal 01.01.2022<\/h3>\n<p>Il nostro ufficio operativo, che ha avuto sede presso la AXA Pension Solutions AG (APS), un\u2019affiliata della AXA, \u00e8 stata rilevata dalla Allvisa Services AG dal 1\u00b0 gennaio 2022.<\/p>\n<h2><a href=\"https:\/\/vfa-fpa.ch\/wp-content\/uploads\/Aspetti-principali-della-riforma.pdf\" target=\"_blank\" rel=\"attachment noopener wp-att-2694\">Informazione<\/a><\/h2>\n<p><a href=\"https:\/\/vfa-fpa.ch\/wp-content\/uploads\/Aspetti-principali-della-riforma.pdf\" target=\"_blank\" rel=\"attachment noopener wp-att-2694\">Introduzione di un\u2019aliquota di conversione globale unitaria e misure compensative dal 1\u00b0 gennaio 2023 (PDF)<\/a><\/p>\n<p>&nbsp;<\/p>\n<p>[\/et_pb_text][\/et_pb_column][et_pb_column type=&#8221;1_3&#8243; _builder_version=&#8221;4.16&#8243; custom_padding=&#8221;|||&#8221; global_colors_info=&#8221;{}&#8221; custom_padding__hover=&#8221;|||&#8221;][et_pb_text admin_label=&#8221;Quicklinks (global)&#8221; _builder_version=&#8221;4.18.1&#8243; background_size=&#8221;initial&#8221; background_position=&#8221;top_left&#8221; background_repeat=&#8221;repeat&#8221; use_border_color=&#8221;off&#8221; border_color=&#8221;#ffffff&#8221; border_style=&#8221;solid&#8221; global_module=&#8221;335&#8243; saved_tabs=&#8221;all&#8221; global_colors_info=&#8221;{}&#8221;][et_pb_row admin_label=&#8221;row&#8221; _builder_version=&#8221;4.16&#8243; background_size=&#8221;initial&#8221; background_position=&#8221;top_left&#8221; background_repeat=&#8221;repeat&#8221; global_colors_info=&#8221;{}&#8221;][et_pb_column type=&#8221;4_4&#8243; _builder_version=&#8221;4.16&#8243; custom_padding=&#8221;|||&#8221; global_colors_info=&#8221;{}&#8221; custom_padding__hover=&#8221;|||&#8221;][et_pb_text admin_label=&#8221;Text&#8221; _builder_version=&#8221;4.18.1&#8243; background_size=&#8221;initial&#8221; background_position=&#8221;top_left&#8221; background_repeat=&#8221;repeat&#8221; hover_enabled=&#8221;0&#8243; global_colors_info=&#8221;{}&#8221; sticky_enabled=&#8221;0&#8243;][et_pb_text admin_label=&#8221;Quicklinks (global)&#8221; saved_tabs=&#8221;all&#8221; template_type=&#8221;module&#8221; background_layout=&#8221;light&#8221; text_orientation=&#8221;left&#8221; use_border_color=&#8221;off&#8221; border_color=&#8221;#ffffff&#8221; border_style=&#8221;solid&#8221;]<\/p>\n<h2>Quick Links<\/h2>\n<p>\u2192 <a href=\"https:\/\/vfa.ch\/it\/chi-siamo\/contatti\/\">Contatti<\/a><br \/>\n\u2192 <a title=\"L636\" href=\"https:\/\/vfa.ch\/wp-content\/uploads\/L636-Notifica-liberi-professionalisti-e-lavoratori-indipendenti.pdf\" target=\"_blank\" rel=\"noopener noreferrer\">Domanda d&#8217;ammissione<\/a><br \/>\n\u2192 <a title=\"L655 PDF\" href=\"https:\/\/vfa.ch\/wp-content\/uploads\/L655.003_Modulo_di_conteggio_per_i_datori_di_lavori_di_liberi_professionisti.pdf\" target=\"_blank\" rel=\"noopener noreferrer\">Conteggio salario<\/a><\/p>\n<p>[\/et_pb_text][\/et_pb_column][\/et_pb_row][\/et_pb_section]<\/p>\n","protected":false},"excerpt":{"rendered":"<p>Le nostre soluzioni previdenziali tengono conto dei bisogni specifici dei lavoratori freelance, dei lavoratori indipendenti e degli impiegati presso societ\u00e0 attive nel settore audiovisivo.Successione e nuova sede a Bonstetten Il Consiglio di fondazione della Fondazione di previdenza Film e Audiovisivi vfa\/fpa ha deciso chi succeder\u00e0 a Brigitte Zimmermann, che sta per andare in pensione. Cogliamo [&hellip;]<\/p>\n","protected":false},"author":5,"featured_media":697,"parent":0,"menu_order":0,"comment_status":"closed","ping_status":"closed","template":"","meta":{"_acf_changed":false,"_et_pb_use_builder":"on","_et_pb_old_content":"","_et_gb_content_width":"","footnotes":""},"class_list":["post-47","page","type-page","status-publish","has-post-thumbnail","hentry"],"acf":[],"_links":{"self":[{"href":"https:\/\/vfa-fpa.ch\/it\/wp-json\/wp\/v2\/pages\/47","targetHints":{"allow":["GET"]}}],"collection":[{"href":"https:\/\/vfa-fpa.ch\/it\/wp-json\/wp\/v2\/pages"}],"about":[{"href":"https:\/\/vfa-fpa.ch\/it\/wp-json\/wp\/v2\/types\/page"}],"author":[{"embeddable":true,"href":"https:\/\/vfa-fpa.ch\/it\/wp-json\/wp\/v2\/users\/5"}],"replies":[{"embeddable":true,"href":"https:\/\/vfa-fpa.ch\/it\/wp-json\/wp\/v2\/comments?post=47"}],"version-history":[{"count":29,"href":"https:\/\/vfa-fpa.ch\/it\/wp-json\/wp\/v2\/pages\/47\/revisions"}],"predecessor-version":[{"id":3895,"href":"https:\/\/vfa-fpa.ch\/it\/wp-json\/wp\/v2\/pages\/47\/revisions\/3895"}],"wp:featuredmedia":[{"embeddable":true,"href":"https:\/\/vfa-fpa.ch\/it\/wp-json\/wp\/v2\/media\/697"}],"wp:attachment":[{"href":"https:\/\/vfa-fpa.ch\/it\/wp-json\/wp\/v2\/media?parent=47"}],"curies":[{"name":"wp","href":"https:\/\/api.w.org\/{rel}","templated":true}]}}

<p>[et_pb_section fb_built=&#8221;1&#8243; admin_label=&#8221;section&#8221; _builder_version=&#8221;4.16&#8243; global_colors_info=&#8221;{}&#8221;][et_pb_row admin_label=&#8221;row&#8221; _builder_version=&#8221;4.16&#8243; background_size=&#8221;initial&#8221; background_position=&#8221;top_left&#8221; background_repeat=&#8221;repeat&#8221; global_colors_info=&#8221;{}&#8221;][et_pb_column type=&#8221;4_4&#8243; _builder_version=&#8221;4.16&#8243; custom_padding=&#8221;|||&#8221; global_colors_info=&#8221;{}&#8221; custom_padding__hover=&#8221;|||&#8221;][et_pb_post_title meta=&#8221;off&#8221; featured_placement=&#8221;above&#8221; admin_label=&#8221;Posttitel (wird autom. bezogen)&#8221; _builder_version=&#8221;4.16&#8243; title_all_caps=&#8221;off&#8221; background_color=&#8221;rgba(255,255,255,0)&#8221; parallax=&#8221;on&#8221; parallax_effect=&#8221;on&#8221; module_bg_color=&#8221;rgba(255,255,255,0)&#8221; use_border_color=&#8221;off&#8221; border_color=&#8221;#ffffff&#8221; border_style=&#8221;solid&#8221; global_colors_info=&#8221;{}&#8221;]<br />
[/et_pb_post_title][/et_pb_column][/et_pb_row][et_pb_row column_structure=&#8221;2_3,1_3&#8243; admin_label=&#8221;Zeile&#8221; _builder_version=&#8221;4.16&#8243; background_size=&#8221;initial&#8221; background_position=&#8221;top_left&#8221; background_repeat=&#8221;repeat&#8221; global_colors_info=&#8221;{}&#8221;][et_pb_column type=&#8221;2_3&#8243; _builder_version=&#8221;4.16&#8243; custom_padding=&#8221;|||&#8221; global_colors_info=&#8221;{}&#8221; custom_padding__hover=&#8221;|||&#8221;][et_pb_text admin_label=&#8221;Willkommenstext ital.&#8221; _builder_version=&#8221;4.16&#8243; background_size=&#8221;initial&#8221; background_position=&#8221;top_left&#8221; background_repeat=&#8221;repeat&#8221; z_index_tablet=&#8221;500&#8243; use_border_color=&#8221;off&#8221; global_colors_info=&#8221;{}&#8221;]</p>
<p>Le nostre soluzioni previdenziali tengono conto dei bisogni specifici dei lavoratori freelance, dei lavoratori indipendenti e degli impiegati presso società attive nel settore audiovisivo.</p>
<p>[/et_pb_text][et_pb_text admin_label=&#8221;Infos  Ok 2021 i&#8221; _builder_version=&#8221;4.27.4&#8243; _module_preset=&#8221;default&#8221; hover_enabled=&#8221;0&#8243; global_colors_info=&#8221;{}&#8221; sticky_enabled=&#8221;0&#8243;]</p>
<h3>Successione e nuova sede a Bonstetten</h3>
<p>Il Consiglio di fondazione della Fondazione di previdenza Film e Audiovisivi vfa/fpa ha deciso chi succederà a Brigitte Zimmermann, che sta per andare in pensione. Cogliamo l&#8217;occasione per ringraziarla di cuore per il suo instancabile e preziosissimo impegno a favore dei nostri assicurati!</p>
<p>La segreteria e la direzione saranno ora riunite nei nuovi locali in Stallikerstrasse 1a, a Bonstetten. Siamo inoltre molto grati alla SSFV per il supporto competente fornito nel corso degli anni nella gestione della nostra segreteria. Monika Wild, direttrice diplomata di casse pensioni, è ora responsabile di tutte le questioni organizzative in qualità di specialista esperta con conoscenze tecniche molto ampie e approfondite ed è a vostra disposizione per fornirvi consulenza se desiderate aderire alla Fondazione di previdenza.</p>
<h3>Cambiamento dell’ufficio operativo a partire dal 01.01.2022</h3>
<p>Il nostro ufficio operativo, che ha avuto sede presso la AXA Pension Solutions AG (APS), un’affiliata della AXA, è stata rilevata dalla Allvisa Services AG dal 1° gennaio 2022.</p>
<h2><a href="https://vfa-fpa.ch/wp-content/uploads/Aspetti-principali-della-riforma.pdf" target="_blank" rel="attachment noopener wp-att-2694">Informazione</a></h2>
<p><a href="https://vfa-fpa.ch/wp-content/uploads/Aspetti-principali-della-riforma.pdf" target="_blank" rel="attachment noopener wp-att-2694">Introduzione di un’aliquota di conversione globale unitaria e misure compensative dal 1° gennaio 2023 (PDF)</a></p>
<p>&nbsp;</p>
<p>[/et_pb_text][/et_pb_column][et_pb_column type=&#8221;1_3&#8243; _builder_version=&#8221;4.16&#8243; custom_padding=&#8221;|||&#8221; global_colors_info=&#8221;{}&#8221; custom_padding__hover=&#8221;|||&#8221;][et_pb_text admin_label=&#8221;Quicklinks (global)&#8221; _builder_version=&#8221;4.18.1&#8243; background_size=&#8221;initial&#8221; background_position=&#8221;top_left&#8221; background_repeat=&#8221;repeat&#8221; use_border_color=&#8221;off&#8221; border_color=&#8221;#ffffff&#8221; border_style=&#8221;solid&#8221; global_module=&#8221;335&#8243; saved_tabs=&#8221;all&#8221; global_colors_info=&#8221;{}&#8221;][et_pb_row admin_label=&#8221;row&#8221; _builder_version=&#8221;4.16&#8243; background_size=&#8221;initial&#8221; background_position=&#8221;top_left&#8221; background_repeat=&#8221;repeat&#8221; global_colors_info=&#8221;{}&#8221;][et_pb_column type=&#8221;4_4&#8243; _builder_version=&#8221;4.16&#8243; custom_padding=&#8221;|||&#8221; global_colors_info=&#8221;{}&#8221; custom_padding__hover=&#8221;|||&#8221;][et_pb_text admin_label=&#8221;Text&#8221; _builder_version=&#8221;4.18.1&#8243; background_size=&#8221;initial&#8221; background_position=&#8221;top_left&#8221; background_repeat=&#8221;repeat&#8221; hover_enabled=&#8221;0&#8243; global_colors_info=&#8221;{}&#8221; sticky_enabled=&#8221;0&#8243;][et_pb_text admin_label=&#8221;Quicklinks (global)&#8221; saved_tabs=&#8221;all&#8221; template_type=&#8221;module&#8221; background_layout=&#8221;light&#8221; text_orientation=&#8221;left&#8221; use_border_color=&#8221;off&#8221; border_color=&#8221;#ffffff&#8221; border_style=&#8221;solid&#8221;]</p>
<h2>Quick Links</h2>
<p>→ <a href="https://vfa.ch/it/chi-siamo/contatti/">Contatti</a><br />
→ <a title="L636" href="https://vfa.ch/wp-content/uploads/L636-Notifica-liberi-professionalisti-e-lavoratori-indipendenti.pdf" target="_blank" rel="noopener noreferrer">Domanda d&#8217;ammissione</a><br />
→ <a title="L655 PDF" href="https://vfa.ch/wp-content/uploads/L655.003_Modulo_di_conteggio_per_i_datori_di_lavori_di_liberi_professionisti.pdf" target="_blank" rel="noopener noreferrer">Conteggio salario</a></p>
<p>[/et_pb_text][/et_pb_column][/et_pb_row][/et_pb_section]</p>

<p>Le nostre soluzioni previdenziali tengono conto dei bisogni specifici dei lavoratori freelance, dei lavoratori indipendenti e degli impiegati presso società attive nel settore audiovisivo.Successione e nuova sede a Bonstetten Il Consiglio di fondazione della Fondazione di previdenza Film e Audiovisivi vfa/fpa ha deciso chi succederà a Brigitte Zimmermann, che sta per andare in pensione. Cogliamo [&hellip;]</p>
