{"id":782,"date":"2016-02-17T14:42:57","date_gmt":"2016-02-17T13:42:57","guid":{"rendered":"http:\/\/vfa.ch\/fr\/portrait\/geschichte\/"},"modified":"2019-10-30T14:27:33","modified_gmt":"2019-10-30T13:27:33","slug":"histoire","status":"publish","type":"page","link":"https:\/\/vfa-fpa.ch\/fr\/portrait\/histoire\/","title":{"rendered":"Histoire"},"content":{"rendered":"<p>[et_pb_section bb_built=\u00a0\u00bb1&Prime; admin_label=\u00a0\u00bbsection\u00a0\u00bb][et_pb_row admin_label=\u00a0\u00bbrow\u00a0\u00bb background_position=\u00a0\u00bbtop_left\u00a0\u00bb background_repeat=\u00a0\u00bbrepeat\u00a0\u00bb background_size=\u00a0\u00bbinitial\u00a0\u00bb][et_pb_column type=\u00a0\u00bb4_4&Prime;][et_pb_post_title admin_label=\u00a0\u00bbTitel (wird vom oberen Titel Feld autom. bezogen)\u00a0\u00bb title=\u00a0\u00bbon\u00a0\u00bb meta=\u00a0\u00bboff\u00a0\u00bb author=\u00a0\u00bbon\u00a0\u00bb date=\u00a0\u00bbon\u00a0\u00bb categories=\u00a0\u00bbon\u00a0\u00bb comments=\u00a0\u00bbon\u00a0\u00bb featured_image=\u00a0\u00bbon\u00a0\u00bb featured_placement=\u00a0\u00bbabove\u00a0\u00bb parallax_effect=\u00a0\u00bbon\u00a0\u00bb parallax_method=\u00a0\u00bboff\u00a0\u00bb text_orientation=\u00a0\u00bbleft\u00a0\u00bb text_color=\u00a0\u00bbdark\u00a0\u00bb text_background=\u00a0\u00bboff\u00a0\u00bb text_bg_color=\u00a0\u00bbrgba(255,255,255,0.9)\u00a0\u00bb module_bg_color=\u00a0\u00bbrgba(255,255,255,0)\u00a0\u00bb title_all_caps=\u00a0\u00bboff\u00a0\u00bb use_border_color=\u00a0\u00bboff\u00a0\u00bb border_color=\u00a0\u00bb#ffffff\u00a0\u00bb border_style=\u00a0\u00bbsolid\u00a0\u00bb parallax=\u00a0\u00bbon\u00a0\u00bb background_color=\u00a0\u00bbrgba(255,255,255,0)\u00a0\u00bb]<\/p>\n<p><\/p>\n<p>[\/et_pb_post_title][\/et_pb_column][\/et_pb_row][et_pb_row admin_label=\u00a0\u00bbZeile\u00a0\u00bb background_position=\u00a0\u00bbtop_left\u00a0\u00bb background_repeat=\u00a0\u00bbrepeat\u00a0\u00bb background_size=\u00a0\u00bbinitial\u00a0\u00bb][et_pb_column type=\u00a0\u00bb2_3&Prime;][et_pb_text admin_label=\u00a0\u00bbText Geschichte\u00a0\u00bb background_layout=\u00a0\u00bblight\u00a0\u00bb text_orientation=\u00a0\u00bbleft\u00a0\u00bb use_border_color=\u00a0\u00bboff\u00a0\u00bb background_position=\u00a0\u00bbtop_left\u00a0\u00bb background_repeat=\u00a0\u00bbrepeat\u00a0\u00bb background_size=\u00a0\u00bbinitial\u00a0\u00bb _builder_version=\u00a0\u00bb3.21.1&Prime;]<\/p>\n<p>Introduite en Suisse le 1er janvier 1948, l&rsquo;AVS obligatoire \u2013 le 1er pilier &#8211; a pour objectif de couvrir les besoins vitaux. Ceci ne peut toutefois fonctionner que gr\u00e2ce \u00e0 l\u2019introduction en 1966 des prestations compl\u00e9mentaires. Outre ce 1er pilier, la Suisse a mis en place, au 1er janvier 1985, la pr\u00e9voyance professionnelle obligatoire. Ce 2e pilier doit permettre aux employ\u00e9s de \u00abmaintenir leur niveau de vie ant\u00e9rieur de mani\u00e8re appropri\u00e9e\u00bb. L&rsquo;AVS (avec, le cas \u00e9ch\u00e9ant, les prestations compl\u00e9mentaires) garantissant le minimum vital, la pr\u00e9voyance professionnelle n&rsquo;a \u00e9t\u00e9 rendue obligatoire que pour les employ\u00e9s fixes touchant un salaire annuel soumis \u00e0 l\u2019AVS d\u2019au moins CHF 21&rsquo;150 (\u00abseuil d\u2019acc\u00e8s\u00bb, \u00e9tat 2016).<\/p>\n<p>Les personnes engag\u00e9es avec des contrats de travail \u00e0 dur\u00e9e d\u00e9termin\u00e9e n\u2019exc\u00e9dant pas trois mois ne sont pas non plus soumises \u00e0 l\u2019obligation de s\u2019assurer. En Suisse, la pr\u00e9voyance obligatoire est insuffisante et ne tient pas suffisamment compte des sp\u00e9cificit\u00e9s des milieux culturels.\u00a0Ceci implique que de nombreuses personnes \u00abpassent entre les mailles du filet\u00bb, en particulier les acteurs et actrices culturelles, dont les engagements sont g\u00e9n\u00e9ralement de courte dur\u00e9e et dont la r\u00e9mun\u00e9ration par engagement se situe en dessous du seuil d\u2019acc\u00e8s, ou qui sont ind\u00e9pendants.\u00a0Ainsi sur une production de film, la dur\u00e9e des engagements est g\u00e9n\u00e9ralement inf\u00e9rieure \u00e0 trois mois et les salaires se situent en dessous de CHF 21&rsquo;150. Il est toutefois possible de compenser les d\u00e9faillances de ce syst\u00e8me par une pr\u00e9voyance facultative.<\/p>\n<p>C&rsquo;est pourquoi le 23 janvier 1985, parall\u00e8lement \u00e0 l&rsquo;introduction du 2e pilier, huit associations de la branche cin\u00e9matographique ont cr\u00e9\u00e9 la \u00ab\u00a0Fondation de pr\u00e9voyance film et audiovision\u00a0\u00bb, avec un capital de fondation de 4000 francs au total, \u00e0 savoir 500 francs par association. Les personnes travaillant sur un tournage en tant qu&rsquo;\u00e9clairagiste, acteur ou camerawoman sont assur\u00e9es par notre institution de pr\u00e9voyance d\u00e8s le premier franc gagn\u00e9 et d\u00e8s le premier jour travaill\u00e9.\u00a0La fpa permet donc aujourd\u2019hui aux personnes intermittentes et ind\u00e9pendantes de s\u2019assurer ind\u00e9pendamment du seuil d&rsquo;acc\u00e8s et de la dur\u00e9e de leur engagement.<\/p>\n<p>Alors qu\u2019en 1980, les cotisations LPP se montaient encore \u00e0 8% (l\u2019employeure et l\u2018employ\u00e9e s\u2018acquittant chacune de la moiti\u00e9 des cotisations), le taux se monte aujourd&rsquo;hui \u00e0 12%. La somme totale du bilan a, elle aussi, consid\u00e9rablement augment\u00e9. Si au d\u00e9part, la fondation a d\u00e9marr\u00e9 avec quelques milliers de francs, fin 2014 le total du bilan d\u00e9passait la barre des 100 millions de francs. Une nouvelle r\u00e9jouissante, car la majeure partie de cet argent constitue le capital r\u00e9serv\u00e9 aux prestations de pr\u00e9voyance en cas de vieillesse, d&rsquo;incapacit\u00e9 de gain ou de d\u00e9c\u00e8s (rentes pour les survivants).<\/p>\n<p>[\/et_pb_text][\/et_pb_column][et_pb_column type=\u00a0\u00bb1_3&Prime;][et_pb_text admin_label=\u00a0\u00bbQuicklinks D (global)\u00a0\u00bb global_module=\u00a0\u00bb335&Prime; saved_tabs=\u00a0\u00bball\u00a0\u00bb background_layout=\u00a0\u00bblight\u00a0\u00bb text_orientation=\u00a0\u00bbleft\u00a0\u00bb use_border_color=\u00a0\u00bboff\u00a0\u00bb border_color=\u00a0\u00bb#ffffff\u00a0\u00bb border_style=\u00a0\u00bbsolid\u00a0\u00bb background_position=\u00a0\u00bbtop_left\u00a0\u00bb background_repeat=\u00a0\u00bbrepeat\u00a0\u00bb background_size=\u00a0\u00bbinitial\u00a0\u00bb]<\/p>\n<h2>Quicklinks<\/h2>\n<p><a href=\"http:\/\/vfa.ch\/portrait\/kontakt\/\">\u25ba Kontakt<\/a><br \/>\n<a title=\"Formular Anmeldung L634 (PDF)\" href=\"http:\/\/vfa.ch\/wp-content\/uploads\/L634-Anmeldung.pdf\" target=\"_blank\" rel=\"noopener noreferrer\">\u25ba Anmeldung<\/a><br \/>\n<a title=\"Abrechnungsformulare Freischaffende\" href=\"http:\/\/vfa.ch\/formulare-merkblaetter\/freischaffende-sf\/\">\u25ba Abrechnung<\/a><\/p>\n<p>[\/et_pb_text][\/et_pb_column][\/et_pb_row][\/et_pb_section]<\/p>\n","protected":false},"excerpt":{"rendered":"<p>Introduite en Suisse le 1er janvier 1948, l&rsquo;AVS obligatoire \u2013 le 1er pilier &#8211; a pour objectif de couvrir les besoins vitaux. Ceci ne peut toutefois fonctionner que gr\u00e2ce \u00e0 l\u2019introduction en 1966 des prestations compl\u00e9mentaires. Outre ce 1er pilier, la Suisse a mis en place, au 1er janvier 1985, la pr\u00e9voyance professionnelle obligatoire. Ce [&hellip;]<\/p>\n","protected":false},"author":5,"featured_media":649,"parent":731,"menu_order":50,"comment_status":"closed","ping_status":"closed","template":"","meta":{"_acf_changed":false,"_et_pb_use_builder":"on","_et_pb_old_content":"","_et_gb_content_width":"","footnotes":""},"class_list":["post-782","page","type-page","status-publish","has-post-thumbnail","hentry"],"acf":[],"_links":{"self":[{"href":"https:\/\/vfa-fpa.ch\/fr\/wp-json\/wp\/v2\/pages\/782","targetHints":{"allow":["GET"]}}],"collection":[{"href":"https:\/\/vfa-fpa.ch\/fr\/wp-json\/wp\/v2\/pages"}],"about":[{"href":"https:\/\/vfa-fpa.ch\/fr\/wp-json\/wp\/v2\/types\/page"}],"author":[{"embeddable":true,"href":"https:\/\/vfa-fpa.ch\/fr\/wp-json\/wp\/v2\/users\/5"}],"replies":[{"embeddable":true,"href":"https:\/\/vfa-fpa.ch\/fr\/wp-json\/wp\/v2\/comments?post=782"}],"version-history":[{"count":5,"href":"https:\/\/vfa-fpa.ch\/fr\/wp-json\/wp\/v2\/pages\/782\/revisions"}],"predecessor-version":[{"id":1923,"href":"https:\/\/vfa-fpa.ch\/fr\/wp-json\/wp\/v2\/pages\/782\/revisions\/1923"}],"up":[{"embeddable":true,"href":"https:\/\/vfa-fpa.ch\/fr\/wp-json\/wp\/v2\/pages\/731"}],"wp:featuredmedia":[{"embeddable":true,"href":"https:\/\/vfa-fpa.ch\/fr\/wp-json\/wp\/v2\/media\/649"}],"wp:attachment":[{"href":"https:\/\/vfa-fpa.ch\/fr\/wp-json\/wp\/v2\/media?parent=782"}],"curies":[{"name":"wp","href":"https:\/\/api.w.org\/{rel}","templated":true}]}}

<p>[et_pb_section bb_built= »1&Prime; admin_label= »section »][et_pb_row admin_label= »row » background_position= »top_left » background_repeat= »repeat » background_size= »initial »][et_pb_column type= »4_4&Prime;][et_pb_post_title admin_label= »Titel (wird vom oberen Titel Feld autom. bezogen) » title= »on » meta= »off » author= »on » date= »on » categories= »on » comments= »on » featured_image= »on » featured_placement= »above » parallax_effect= »on » parallax_method= »off » text_orientation= »left » text_color= »dark » text_background= »off » text_bg_color= »rgba(255,255,255,0.9) » module_bg_color= »rgba(255,255,255,0) » title_all_caps= »off » use_border_color= »off » border_color= »#ffffff » border_style= »solid » parallax= »on » background_color= »rgba(255,255,255,0) »]</p>
<p></p>
<p>[/et_pb_post_title][/et_pb_column][/et_pb_row][et_pb_row admin_label= »Zeile » background_position= »top_left » background_repeat= »repeat » background_size= »initial »][et_pb_column type= »2_3&Prime;][et_pb_text admin_label= »Text Geschichte » background_layout= »light » text_orientation= »left » use_border_color= »off » background_position= »top_left » background_repeat= »repeat » background_size= »initial » _builder_version= »3.21.1&Prime;]</p>
<p>Introduite en Suisse le 1er janvier 1948, l&rsquo;AVS obligatoire – le 1er pilier &#8211; a pour objectif de couvrir les besoins vitaux. Ceci ne peut toutefois fonctionner que grâce à l’introduction en 1966 des prestations complémentaires. Outre ce 1er pilier, la Suisse a mis en place, au 1er janvier 1985, la prévoyance professionnelle obligatoire. Ce 2e pilier doit permettre aux employés de «maintenir leur niveau de vie antérieur de manière appropriée». L&rsquo;AVS (avec, le cas échéant, les prestations complémentaires) garantissant le minimum vital, la prévoyance professionnelle n&rsquo;a été rendue obligatoire que pour les employés fixes touchant un salaire annuel soumis à l’AVS d’au moins CHF 21&rsquo;150 («seuil d’accès», état 2016).</p>
<p>Les personnes engagées avec des contrats de travail à durée déterminée n’excédant pas trois mois ne sont pas non plus soumises à l’obligation de s’assurer. En Suisse, la prévoyance obligatoire est insuffisante et ne tient pas suffisamment compte des spécificités des milieux culturels. Ceci implique que de nombreuses personnes «passent entre les mailles du filet», en particulier les acteurs et actrices culturelles, dont les engagements sont généralement de courte durée et dont la rémunération par engagement se situe en dessous du seuil d’accès, ou qui sont indépendants. Ainsi sur une production de film, la durée des engagements est généralement inférieure à trois mois et les salaires se situent en dessous de CHF 21&rsquo;150. Il est toutefois possible de compenser les défaillances de ce système par une prévoyance facultative.</p>
<p>C&rsquo;est pourquoi le 23 janvier 1985, parallèlement à l&rsquo;introduction du 2e pilier, huit associations de la branche cinématographique ont créé la « Fondation de prévoyance film et audiovision », avec un capital de fondation de 4000 francs au total, à savoir 500 francs par association. Les personnes travaillant sur un tournage en tant qu&rsquo;éclairagiste, acteur ou camerawoman sont assurées par notre institution de prévoyance dès le premier franc gagné et dès le premier jour travaillé. La fpa permet donc aujourd’hui aux personnes intermittentes et indépendantes de s’assurer indépendamment du seuil d&rsquo;accès et de la durée de leur engagement.</p>
<p>Alors qu’en 1980, les cotisations LPP se montaient encore à 8% (l’employeure et l‘employée s‘acquittant chacune de la moitié des cotisations), le taux se monte aujourd&rsquo;hui à 12%. La somme totale du bilan a, elle aussi, considérablement augmenté. Si au départ, la fondation a démarré avec quelques milliers de francs, fin 2014 le total du bilan dépassait la barre des 100 millions de francs. Une nouvelle réjouissante, car la majeure partie de cet argent constitue le capital réservé aux prestations de prévoyance en cas de vieillesse, d&rsquo;incapacité de gain ou de décès (rentes pour les survivants).</p>
<p>[/et_pb_text][/et_pb_column][et_pb_column type= »1_3&Prime;][et_pb_text admin_label= »Quicklinks D (global) » global_module= »335&Prime; saved_tabs= »all » background_layout= »light » text_orientation= »left » use_border_color= »off » border_color= »#ffffff » border_style= »solid » background_position= »top_left » background_repeat= »repeat » background_size= »initial »]</p>
<h2>Quicklinks</h2>
<p><a href="http://vfa.ch/portrait/kontakt/">► Kontakt</a><br />
<a title="Formular Anmeldung L634 (PDF)" href="http://vfa.ch/wp-content/uploads/L634-Anmeldung.pdf" target="_blank" rel="noopener noreferrer">► Anmeldung</a><br />
<a title="Abrechnungsformulare Freischaffende" href="http://vfa.ch/formulare-merkblaetter/freischaffende-sf/">► Abrechnung</a></p>
<p>[/et_pb_text][/et_pb_column][/et_pb_row][/et_pb_section]</p>

<p>Introduite en Suisse le 1er janvier 1948, l&rsquo;AVS obligatoire – le 1er pilier &#8211; a pour objectif de couvrir les besoins vitaux. Ceci ne peut toutefois fonctionner que grâce à l’introduction en 1966 des prestations complémentaires. Outre ce 1er pilier, la Suisse a mis en place, au 1er janvier 1985, la prévoyance professionnelle obligatoire. Ce [&hellip;]</p>
