{"id":734,"date":"2016-02-17T14:39:53","date_gmt":"2016-02-17T13:39:53","guid":{"rendered":"http:\/\/vfa.ch\/fr\/portrait\/vfa-in-kuerze\/"},"modified":"2025-10-16T16:19:36","modified_gmt":"2025-10-16T14:19:36","slug":"la-fpa-en-bref","status":"publish","type":"page","link":"https:\/\/vfa-fpa.ch\/fr\/portrait\/la-fpa-en-bref\/","title":{"rendered":"La fpa en bref"},"content":{"rendered":"<p>[et_pb_section fb_built=\u00a0\u00bb1&Prime; admin_label=\u00a0\u00bbsection\u00a0\u00bb _builder_version=\u00a0\u00bb4.16&Prime; global_colors_info=\u00a0\u00bb{}\u00a0\u00bb][et_pb_row admin_label=\u00a0\u00bbrow\u00a0\u00bb _builder_version=\u00a0\u00bb4.16&Prime; background_size=\u00a0\u00bbinitial\u00a0\u00bb background_position=\u00a0\u00bbtop_left\u00a0\u00bb background_repeat=\u00a0\u00bbrepeat\u00a0\u00bb global_colors_info=\u00a0\u00bb{}\u00a0\u00bb][et_pb_column type=\u00a0\u00bb4_4&Prime; _builder_version=\u00a0\u00bb4.16&Prime; custom_padding=\u00a0\u00bb|||\u00a0\u00bb global_colors_info=\u00a0\u00bb{}\u00a0\u00bb custom_padding__hover=\u00a0\u00bb|||\u00a0\u00bb][et_pb_post_title meta=\u00a0\u00bboff\u00a0\u00bb featured_placement=\u00a0\u00bbabove\u00a0\u00bb admin_label=\u00a0\u00bbTitel (wird vom oberen Titel Feld autom. bezogen)\u00a0\u00bb _builder_version=\u00a0\u00bb4.16&Prime; title_all_caps=\u00a0\u00bboff\u00a0\u00bb background_color=\u00a0\u00bbrgba(255,255,255,0)\u00a0\u00bb parallax=\u00a0\u00bbon\u00a0\u00bb parallax_method=\u00a0\u00bboff\u00a0\u00bb parallax_effect=\u00a0\u00bbon\u00a0\u00bb module_bg_color=\u00a0\u00bbrgba(255,255,255,0)\u00a0\u00bb use_border_color=\u00a0\u00bboff\u00a0\u00bb border_color=\u00a0\u00bb#ffffff\u00a0\u00bb border_style=\u00a0\u00bbsolid\u00a0\u00bb global_colors_info=\u00a0\u00bb{}\u00a0\u00bb]<\/p>\n<p>\n&nbsp;<\/p>\n<p>[\/et_pb_post_title][\/et_pb_column][\/et_pb_row][et_pb_row column_structure=\u00a0\u00bb2_3,1_3&Prime; _builder_version=\u00a0\u00bb4.16&Prime; background_size=\u00a0\u00bbinitial\u00a0\u00bb background_position=\u00a0\u00bbtop_left\u00a0\u00bb background_repeat=\u00a0\u00bbrepeat\u00a0\u00bb global_colors_info=\u00a0\u00bb{}\u00a0\u00bb][et_pb_column type=\u00a0\u00bb2_3&Prime; _builder_version=\u00a0\u00bb4.16&Prime; custom_padding=\u00a0\u00bb|||\u00a0\u00bb global_colors_info=\u00a0\u00bb{}\u00a0\u00bb custom_padding__hover=\u00a0\u00bb|||\u00a0\u00bb][et_pb_text admin_label=\u00a0\u00bbInhalt vfa in K\u00fcrze (f)\u00a0\u00bb _builder_version=\u00a0\u00bb4.27.4&Prime; background_size=\u00a0\u00bbinitial\u00a0\u00bb background_position=\u00a0\u00bbtop_left\u00a0\u00bb background_repeat=\u00a0\u00bbrepeat\u00a0\u00bb hover_enabled=\u00a0\u00bb0&Prime; z_index_tablet=\u00a0\u00bb500&Prime; use_border_color=\u00a0\u00bboff\u00a0\u00bb global_colors_info=\u00a0\u00bb{}\u00a0\u00bb sticky_enabled=\u00a0\u00bb0&Prime;]<\/p>\n<p>Fond\u00e9e en 1985 par les associations de la branche cin\u00e9matographique, la Fondation de pr\u00e9voyance film et audiovision (fpa) propose des solutions de pr\u00e9voyance dans le cadre du 2\u00e8me pilier qui prennent en compte les sp\u00e9cificit\u00e9s des professionnels du cin\u00e9ma. Ainsi elle permet d\u2019assurer non seulement les employ\u00e9s fixes, dont les engagements sont de dur\u00e9e ind\u00e9termin\u00e9e, mais \u00e9galement les employ\u00e9s intermittents et les personnes ind\u00e9pendantes.<\/p>\n<p>Pour que la pr\u00e9voyance professionnelle puisse \u00eatre d\u00e9compt\u00e9e par le biais de la fpa conform\u00e9ment \u00e0 la LPP, une des deux parties prenantes au contrat de travail &#8211; ou la personne ind\u00e9pendante &#8211; doit \u00eatre membre d&rsquo;une\u00a0<a href=\"http:\/\/vfa.ch\/fr\/portrait\/les-associations-fondatrices\/\" target=\"_blank\" rel=\"noopener noreferrer\">association fondatrice<\/a>.<\/p>\n<p>La gestion, dont le si\u00e8ge se trouve \u00e0 Bonstetten, est responsable des questions organisationnelles de la fondation et se fera un plaisir de vous conseiller si vous souhaitez adh\u00e9rer \u00e0 la fondation de pr\u00e9voyance.<\/p>\n<p>Depuis le 1er janvier 2022, <a href=\"https:\/\/www.fr.allvisa-services.ch\/\" target=\"_blank\" rel=\"noopener\">Allvisa Services AG<\/a> s\u2019occupe de la gestion administrative de la pr\u00e9voyance. Le bureau de gestion g\u00e8re les dossiers des assur\u00e9s. Il est votre r\u00e9pondant pour toutes les demandes concernant les assurances individuelles (adh\u00e9sions\/sorties, d\u00e9comptes, d\u00e9clarations de salaires, changements d\u2019adresse ou d\u2019\u00e9tat civil, etc.)<\/p>\n<p>&nbsp;<\/p>\n<h3>La fpa\u00a0en chiffres<\/h3>\n<ul>\n<li>Personnes assur\u00e9es (31.12.2024): <strong>1&rsquo;814<\/strong><\/li>\n<li>Soci\u00e9t\u00e9s affili\u00e9es (31.12.2024): <strong>139<\/strong><\/li>\n<li>Montant des avoirs d\u2019\u00e9pargne (31.12.2024): <strong>CHF 107&rsquo;806&rsquo;765.50<\/strong><\/li>\n<li>Taux de couverture (31.12.2024): <strong>116.22 %<\/strong><\/li>\n<li>Int\u00e9r\u00eat des avoirs de vieillesse <strong>2024: 2.5 %\u00a0<\/strong><\/li>\n<li><a href=\"http:\/\/vfa.ch\/wp-content\/uploads\/F-123-Echelles-de-contributions.pdf\" target=\"_blank\" rel=\"noopener noreferrer\">Echelles de contributions<\/a> (PDF)<\/li>\n<\/ul>\n<p>[\/et_pb_text][\/et_pb_column][et_pb_column type=\u00a0\u00bb1_3&Prime; _builder_version=\u00a0\u00bb4.16&Prime; custom_padding=\u00a0\u00bb|||\u00a0\u00bb global_colors_info=\u00a0\u00bb{}\u00a0\u00bb custom_padding__hover=\u00a0\u00bb|||\u00a0\u00bb][et_pb_text admin_label=\u00a0\u00bbQuicklinks (global)\u00a0\u00bb _builder_version=\u00a0\u00bb4.18.1&Prime; background_size=\u00a0\u00bbinitial\u00a0\u00bb background_position=\u00a0\u00bbtop_left\u00a0\u00bb background_repeat=\u00a0\u00bbrepeat\u00a0\u00bb use_border_color=\u00a0\u00bboff\u00a0\u00bb border_color=\u00a0\u00bb#ffffff\u00a0\u00bb global_module=\u00a0\u00bb335&Prime; saved_tabs=\u00a0\u00bball\u00a0\u00bb global_colors_info=\u00a0\u00bb{}\u00a0\u00bb][et_pb_row admin_label=\u00a0\u00bbrow\u00a0\u00bb _builder_version=\u00a0\u00bb4.16&Prime; background_size=\u00a0\u00bbinitial\u00a0\u00bb background_position=\u00a0\u00bbtop_left\u00a0\u00bb background_repeat=\u00a0\u00bbrepeat\u00a0\u00bb global_colors_info=\u00a0\u00bb{}\u00a0\u00bb][et_pb_column type=\u00a0\u00bb4_4&Prime; _builder_version=\u00a0\u00bb4.16&Prime; custom_padding=\u00a0\u00bb|||\u00a0\u00bb global_colors_info=\u00a0\u00bb{}\u00a0\u00bb custom_padding__hover=\u00a0\u00bb|||\u00a0\u00bb][et_pb_text admin_label=\u00a0\u00bbText\u00a0\u00bb _builder_version=\u00a0\u00bb4.27.4&Prime; background_size=\u00a0\u00bbinitial\u00a0\u00bb background_position=\u00a0\u00bbtop_left\u00a0\u00bb background_repeat=\u00a0\u00bbrepeat\u00a0\u00bb hover_enabled=\u00a0\u00bb0&Prime; global_colors_info=\u00a0\u00bb{}\u00a0\u00bb sticky_enabled=\u00a0\u00bb0&Prime;][et_pb_text admin_label=\u00a0\u00bbQuicklinks (global)\u00a0\u00bb _builder_version=\u00a0\u00bb4.21.0&Prime; use_border_color=\u00a0\u00bboff\u00a0\u00bb border_color=\u00a0\u00bb#ffffff\u00a0\u00bb saved_tabs=\u00a0\u00bball\u00a0\u00bb template_type=\u00a0\u00bbmodule\u00a0\u00bb sticky_enabled=\u00a0\u00bb0&Prime;][et_pb_row admin_label=\u00a0\u00bbrow\u00a0\u00bb _builder_version=\u00a0\u00bb4.18.1&Prime; background_size=\u00a0\u00bbinitial\u00a0\u00bb background_position=\u00a0\u00bbtop_left\u00a0\u00bb background_repeat=\u00a0\u00bbrepeat\u00a0\u00bb hover_enabled=\u00a0\u00bb0&Prime; global_colors_info=\u00a0\u00bb{}\u00a0\u00bb sticky_enabled=\u00a0\u00bb0&Prime;][et_pb_column type=\u00a0\u00bb4_4&Prime; _builder_version=\u00a0\u00bb4.16&Prime; custom_padding=\u00a0\u00bb|||\u00a0\u00bb global_colors_info=\u00a0\u00bb{}\u00a0\u00bb custom_padding__hover=\u00a0\u00bb|||\u00a0\u00bb][et_pb_text admin_label=\u00a0\u00bbText\u00a0\u00bb _builder_version=\u00a0\u00bb4.18.1&Prime; background_size=\u00a0\u00bbinitial\u00a0\u00bb background_position=\u00a0\u00bbtop_left\u00a0\u00bb background_repeat=\u00a0\u00bbrepeat\u00a0\u00bb hover_enabled=\u00a0\u00bb0&Prime; global_colors_info=\u00a0\u00bb{}\u00a0\u00bb sticky_enabled=\u00a0\u00bb0&Prime;][et_pb_text admin_label=\u00a0\u00bbQuicklinks (global)\u00a0\u00bb saved_tabs=\u00a0\u00bball\u00a0\u00bb template_type=\u00a0\u00bbmodule\u00a0\u00bb background_layout=\u00a0\u00bblight\u00a0\u00bb text_orientation=\u00a0\u00bbleft\u00a0\u00bb use_border_color=\u00a0\u00bboff\u00a0\u00bb border_color=\u00a0\u00bb#ffffff\u00a0\u00bb border_style=\u00a0\u00bbsolid\u00a0\u00bb]<\/p>\n<h2>Liens rapides<\/h2>\n<p>\u2192 <a href=\"https:\/\/vfa-fpa.ch\/fr\/portrait\/contact\/\">Contact<\/a><br \/>\u2192 <a title=\"L636 Annonce intermittents et ind\u00e9pendants PDF\" href=\"https:\/\/vfa.ch\/wp-content\/uploads\/L636-Annonce-intermittents-et-independants.pdf\" target=\"_blank\" rel=\"noopener\">Inscription<\/a><br \/>\u2192 D\u00e9compte <a href=\"https:\/\/vfa-fpa.ch\/wp-content\/uploads\/L655-Formulaire-de-decompte-pour-les-employeurs-dintermittents-FPA.pdf\" target=\"_blank\" rel=\"noopener\">PDF<\/a> \u00b7 <a title=\"L655 Formulaire de decompte pour les employeurs d'intermittents Excel\" href=\"https:\/\/vfa.ch\/wp-content\/uploads\/L655-Formulaire-de-decompte-pour-les-employeurs-dintermittents-FPA.xlsx\">Excel<\/a><\/p>\n<p>[\/et_pb_text][\/et_pb_column][\/et_pb_row][\/et_pb_section]<\/p>\n","protected":false},"excerpt":{"rendered":"<p>&nbsp; Fond\u00e9e en 1985 par les associations de la branche cin\u00e9matographique, la Fondation de pr\u00e9voyance film et audiovision (fpa) propose des solutions de pr\u00e9voyance dans le cadre du 2\u00e8me pilier qui prennent en compte les sp\u00e9cificit\u00e9s des professionnels du cin\u00e9ma. Ainsi elle permet d\u2019assurer non seulement les employ\u00e9s fixes, dont les engagements sont de dur\u00e9e [&hellip;]<\/p>\n","protected":false},"author":5,"featured_media":649,"parent":731,"menu_order":10,"comment_status":"closed","ping_status":"closed","template":"","meta":{"_acf_changed":false,"_et_pb_use_builder":"on","_et_pb_old_content":"","_et_gb_content_width":"","footnotes":""},"class_list":["post-734","page","type-page","status-publish","has-post-thumbnail","hentry"],"acf":[],"_links":{"self":[{"href":"https:\/\/vfa-fpa.ch\/fr\/wp-json\/wp\/v2\/pages\/734","targetHints":{"allow":["GET"]}}],"collection":[{"href":"https:\/\/vfa-fpa.ch\/fr\/wp-json\/wp\/v2\/pages"}],"about":[{"href":"https:\/\/vfa-fpa.ch\/fr\/wp-json\/wp\/v2\/types\/page"}],"author":[{"embeddable":true,"href":"https:\/\/vfa-fpa.ch\/fr\/wp-json\/wp\/v2\/users\/5"}],"replies":[{"embeddable":true,"href":"https:\/\/vfa-fpa.ch\/fr\/wp-json\/wp\/v2\/comments?post=734"}],"version-history":[{"count":47,"href":"https:\/\/vfa-fpa.ch\/fr\/wp-json\/wp\/v2\/pages\/734\/revisions"}],"predecessor-version":[{"id":3871,"href":"https:\/\/vfa-fpa.ch\/fr\/wp-json\/wp\/v2\/pages\/734\/revisions\/3871"}],"up":[{"embeddable":true,"href":"https:\/\/vfa-fpa.ch\/fr\/wp-json\/wp\/v2\/pages\/731"}],"wp:featuredmedia":[{"embeddable":true,"href":"https:\/\/vfa-fpa.ch\/fr\/wp-json\/wp\/v2\/media\/649"}],"wp:attachment":[{"href":"https:\/\/vfa-fpa.ch\/fr\/wp-json\/wp\/v2\/media?parent=734"}],"curies":[{"name":"wp","href":"https:\/\/api.w.org\/{rel}","templated":true}]}}

<p>[et_pb_section fb_built= »1&Prime; admin_label= »section » _builder_version= »4.16&Prime; global_colors_info= »{} »][et_pb_row admin_label= »row » _builder_version= »4.16&Prime; background_size= »initial » background_position= »top_left » background_repeat= »repeat » global_colors_info= »{} »][et_pb_column type= »4_4&Prime; _builder_version= »4.16&Prime; custom_padding= »||| » global_colors_info= »{} » custom_padding__hover= »||| »][et_pb_post_title meta= »off » featured_placement= »above » admin_label= »Titel (wird vom oberen Titel Feld autom. bezogen) » _builder_version= »4.16&Prime; title_all_caps= »off » background_color= »rgba(255,255,255,0) » parallax= »on » parallax_method= »off » parallax_effect= »on » module_bg_color= »rgba(255,255,255,0) » use_border_color= »off » border_color= »#ffffff » border_style= »solid » global_colors_info= »{} »]</p>
<p>
&nbsp;</p>
<p>[/et_pb_post_title][/et_pb_column][/et_pb_row][et_pb_row column_structure= »2_3,1_3&Prime; _builder_version= »4.16&Prime; background_size= »initial » background_position= »top_left » background_repeat= »repeat » global_colors_info= »{} »][et_pb_column type= »2_3&Prime; _builder_version= »4.16&Prime; custom_padding= »||| » global_colors_info= »{} » custom_padding__hover= »||| »][et_pb_text admin_label= »Inhalt vfa in Kürze (f) » _builder_version= »4.27.4&Prime; background_size= »initial » background_position= »top_left » background_repeat= »repeat » hover_enabled= »0&Prime; z_index_tablet= »500&Prime; use_border_color= »off » global_colors_info= »{} » sticky_enabled= »0&Prime;]</p>
<p>Fondée en 1985 par les associations de la branche cinématographique, la Fondation de prévoyance film et audiovision (fpa) propose des solutions de prévoyance dans le cadre du 2ème pilier qui prennent en compte les spécificités des professionnels du cinéma. Ainsi elle permet d’assurer non seulement les employés fixes, dont les engagements sont de durée indéterminée, mais également les employés intermittents et les personnes indépendantes.</p>
<p>Pour que la prévoyance professionnelle puisse être décomptée par le biais de la fpa conformément à la LPP, une des deux parties prenantes au contrat de travail &#8211; ou la personne indépendante &#8211; doit être membre d&rsquo;une <a href="http://vfa.ch/fr/portrait/les-associations-fondatrices/" target="_blank" rel="noopener noreferrer">association fondatrice</a>.</p>
<p>La gestion, dont le siège se trouve à Bonstetten, est responsable des questions organisationnelles de la fondation et se fera un plaisir de vous conseiller si vous souhaitez adhérer à la fondation de prévoyance.</p>
<p>Depuis le 1er janvier 2022, <a href="https://www.fr.allvisa-services.ch/" target="_blank" rel="noopener">Allvisa Services AG</a> s’occupe de la gestion administrative de la prévoyance. Le bureau de gestion gère les dossiers des assurés. Il est votre répondant pour toutes les demandes concernant les assurances individuelles (adhésions/sorties, décomptes, déclarations de salaires, changements d’adresse ou d’état civil, etc.)</p>
<p>&nbsp;</p>
<h3>La fpa en chiffres</h3>
<ul>
<li>Personnes assurées (31.12.2024): <strong>1&rsquo;814</strong></li>
<li>Sociétés affiliées (31.12.2024): <strong>139</strong></li>
<li>Montant des avoirs d’épargne (31.12.2024): <strong>CHF 107&rsquo;806&rsquo;765.50</strong></li>
<li>Taux de couverture (31.12.2024): <strong>116.22 %</strong></li>
<li>Intérêt des avoirs de vieillesse <strong>2024: 2.5 % </strong></li>
<li><a href="http://vfa.ch/wp-content/uploads/F-123-Echelles-de-contributions.pdf" target="_blank" rel="noopener noreferrer">Echelles de contributions</a> (PDF)</li>
</ul>
<p>[/et_pb_text][/et_pb_column][et_pb_column type= »1_3&Prime; _builder_version= »4.16&Prime; custom_padding= »||| » global_colors_info= »{} » custom_padding__hover= »||| »][et_pb_text admin_label= »Quicklinks (global) » _builder_version= »4.18.1&Prime; background_size= »initial » background_position= »top_left » background_repeat= »repeat » use_border_color= »off » border_color= »#ffffff » global_module= »335&Prime; saved_tabs= »all » global_colors_info= »{} »][et_pb_row admin_label= »row » _builder_version= »4.16&Prime; background_size= »initial » background_position= »top_left » background_repeat= »repeat » global_colors_info= »{} »][et_pb_column type= »4_4&Prime; _builder_version= »4.16&Prime; custom_padding= »||| » global_colors_info= »{} » custom_padding__hover= »||| »][et_pb_text admin_label= »Text » _builder_version= »4.27.4&Prime; background_size= »initial » background_position= »top_left » background_repeat= »repeat » hover_enabled= »0&Prime; global_colors_info= »{} » sticky_enabled= »0&Prime;][et_pb_text admin_label= »Quicklinks (global) » _builder_version= »4.21.0&Prime; use_border_color= »off » border_color= »#ffffff » saved_tabs= »all » template_type= »module » sticky_enabled= »0&Prime;][et_pb_row admin_label= »row » _builder_version= »4.18.1&Prime; background_size= »initial » background_position= »top_left » background_repeat= »repeat » hover_enabled= »0&Prime; global_colors_info= »{} » sticky_enabled= »0&Prime;][et_pb_column type= »4_4&Prime; _builder_version= »4.16&Prime; custom_padding= »||| » global_colors_info= »{} » custom_padding__hover= »||| »][et_pb_text admin_label= »Text » _builder_version= »4.18.1&Prime; background_size= »initial » background_position= »top_left » background_repeat= »repeat » hover_enabled= »0&Prime; global_colors_info= »{} » sticky_enabled= »0&Prime;][et_pb_text admin_label= »Quicklinks (global) » saved_tabs= »all » template_type= »module » background_layout= »light » text_orientation= »left » use_border_color= »off » border_color= »#ffffff » border_style= »solid »]</p>
<h2>Liens rapides</h2>
<p>→ <a href="https://vfa-fpa.ch/fr/portrait/contact/">Contact</a><br />→ <a title="L636 Annonce intermittents et indépendants PDF" href="https://vfa.ch/wp-content/uploads/L636-Annonce-intermittents-et-independants.pdf" target="_blank" rel="noopener">Inscription</a><br />→ Décompte <a href="https://vfa-fpa.ch/wp-content/uploads/L655-Formulaire-de-decompte-pour-les-employeurs-dintermittents-FPA.pdf" target="_blank" rel="noopener">PDF</a> · <a title="L655 Formulaire de decompte pour les employeurs d'intermittents Excel" href="https://vfa.ch/wp-content/uploads/L655-Formulaire-de-decompte-pour-les-employeurs-dintermittents-FPA.xlsx">Excel</a></p>
<p>[/et_pb_text][/et_pb_column][/et_pb_row][/et_pb_section]</p>

<p>&nbsp; Fondée en 1985 par les associations de la branche cinématographique, la Fondation de prévoyance film et audiovision (fpa) propose des solutions de prévoyance dans le cadre du 2ème pilier qui prennent en compte les spécificités des professionnels du cinéma. Ainsi elle permet d’assurer non seulement les employés fixes, dont les engagements sont de durée [&hellip;]</p>
